Give h(1).
-23
Suppose 0 = 5*x - 17*b + 19*b - 1101, 0 = 4*x + 4*b - 888. Let r(g) = -x*g + 105*g + 118*g - 1. Calculate r(3).
11
Let m = -3 + -1. Let u(w) be the third derivative of -24*w**2 + 0*w - 1/12*w**4 + 0*w**3 + 0. Give u(m).
8
Suppose n + 6 = 2*v, -2*v + 2 = -5*n - 52. Let a(b) be the third derivative of b**6/120 + b**5/5 + b**4/12 + 2*b**3 + 2*b**2 + 2*b + 6200. What is a(n)?
-12
Let r(f) = -72*f - 25. Let i(u) = -44*u - 12. Let p(s) = -5*i(s) + 3*r(s). Determine p(-9).
-51
Let s(m) be the second derivative of 3*m**5/20 + 37*m**4/12 + 2*m**3 - 7*m**2/2 + 12*m - 1. Let c be s(-12). Let r(g) = g**2 + 9*g - 9. Calculate r(c).
-23
Let m(s) = 7*s**2 + 7*s - 55. Let f(b) = 9*b**2 + 6*b - 59. Let a(y) = -4*f(y) + 5*m(y). Give a(7).
-11
Suppose a = 3*k + 13, -181*k = -178*k. Let v(m) = -m - 3. Calculate v(a).
-16
Let m be (-13 - -3)*(-42)/(-10). Let x be 4 + (m/15 - 12/(-15)). Let d(o) = 2*o**2 - o - 1. What is d(x)?
5
Let i(c) = 3 + 6*c + 2 - c**2 - 2*c + 4*c. Let l(w) = w**3 - 7*w**2 + 5*w + 14. Let z be l(6). Give i(z).
5
Let z be 62/4 + 154/(-44). Let g(k) = -2*k**2 - 7*k - 22. Let c(m) = 3*m**2 + 6*m + 23. Let w(q) = -3*c(q) - 4*g(q). Determine w(z).
-5
Let w = 95 + -91. Let h(z) = 3*z**3 - 4*z**2 - 10*z + 14. Let f(s) = -s**3 - s**2 + s - 1. Let o(v) = w*f(v) + h(v). What is o(-7)?
3
Suppose -3*v = -5*k + 16, 2*v + 2*v = -k - 6. Let u(d) = d + 4. Let a(c) = -c + 2. Let m(q) = v*a(q) - u(q). Determine m(8).
0
Let r(b) = 2*b + 3. Let u(y) = y - 13. Let a(n) = -5*r(n) - u(n). Give a(2).
-24
Let f be (2 + -2)/(6*(-4)/8). Let y be (f + -3 + -3)/(24/32). Let r(j) = -j**2 - 8*j + 5. Give r(y).
5
Let j(k) = -233*k + 4. Let g(s) = 37*s + 1. Let m(v) = -6*g(v) - j(v). Give m(1).
1
Let a(c) = -3*c**3 - 9*c**2 - 2*c + 6. Let t(p) = -10*p**3 - 28*p**2 - 6*p + 20. Suppose -112 + 120 = 4*s. Let k(g) = s*t(g) - 7*a(g). Give k(-7).
-16
Let g(o) = 3*o + 3. Let u be 0 - ((-54)/126 - 24/(-7)). Let c be u/(0 - -6 - 9). Give g(c).
6
Let y(c) = 154*c + 120. Let j(h) = 93*h + 59. Let p(a) = 5*j(a) - 3*y(a). What is p(0)?
-65
Let y(g) = g**3 - g - 2. Let b be (2/3*-1)/(63/(-33453)). Let k = b + -356. Calculate y(k).
-8
Let t(o) = -o - 9. Suppose -2*v = 3*m - 272, -3*v - 3*m + 2*m = -408. Suppose c + 143 - v = 0. Let w be t(c). Let q(s) = -6*s - 1. Calculate q(w).
11
Let y(v) = -v**2 + 2*v + 80. Suppose -4*g + 4*k = -4, -4*g - 58*k = -56*k + 2. What is y(g)?
80
Let u be (-11)/(-55) - (-38)/10. Suppose -2*a - 4*x - 6 = 0, -3*a + u*x = 21 - 2. Let c be 1/(-1)*(-30)/a. Let b(k) = -k**3 - 7*k**2 - 6*k + 3. What is b(c)?
3
Let d(t) be the first derivative of -19/2*t**2 + 3 - t. Suppose -5 = 5*b - 0*b. Give d(b).
18
Let g be ((-960)/140 - -7)/(1/(-7)). Let t be (-1 - -9)/((-2)/(-4)). Let k(v) = 3*v + t*v**3 + 1 - 2*v - 4*v**3. Calculate k(g).
-12
Suppose 47*u + 70 = 51*u + 3*g, 3*g - 18 = 0. Let w(k) = 2*k**2 - 36*k + 121. Determine w(u).
-9
Suppose 4 - 3 = -15*k - 14. Let y(h) = -5*h - 11. Determine y(k).
-6
Let c(x) = -x**2 + 15*x - 42. Let q be c(8). Suppose m - 3*i = q - 5, -9 = 3*i. Let u(p) = p + 15. Calculate u(m).
15
Let h(k) = 5*k - 1. Let r(i) = 16*i - 4. Let l(b) = -7*h(b) + 2*r(b). Let u be (-3131)/1111 - -4*(-2)/44. Calculate l(u).
8
Let m(s) be the second derivative of -10*s**3/3 - s**2/2 - 1674*s + 2. Calculate m(3).
-61
Suppose 4*l - 81 = -53. Let d(n) = 2*n**2 - 11*n - 15. Give d(l).
6
Let v(x) = 6*x - 1. Suppose 88*o - 12*o + 76 = 0. Calculate v(o).
-7
Suppose -2 = -4*a + 10, -6 = 3*d - 4*a. Let b(f) = 9*f - 13 - 8*f + 39 - 2*f**2 + f**d + 0*f**2. Determine b(0).
26
Let z(t) = -t**3 + 11*t**2 + 20*t - 91. Let g(h) = 2*h**2 + 57*h - 110. Let r be g(2). Determine z(r).
5
Suppose 0 = -p - 5*x - 7, -x + 0*x = 4*p - 10. Let z(o) = 2 - 4*o + p*o - 9 - 1. Let n be 56/(-7) - (-2 - (2 - 5)). What is z(n)?
1
Let h be 1 + 0 - (0 - -7). Let l(c) = 5*c**3 + 2*c**2 - 3*c. Let n(o) = 2*o**3 - 2*o**2 - 2*o - 2. Let u(t) = l(t) - 2*n(t). Determine u(h).
-2
Suppose -8*r - 2682 = -26*r. Let i = r + -143. Let t(f) = f - 9. Calculate t(i).
-3
Let m = 17 - 14. Suppose 2 + m = 5*s. Let z(c) = -5*c**2 + 33*c**3 - 18*c**3 - s - 14*c**3 + 2*c. Determine z(4).
-9
Let f = -1 - 0. Suppose 29*y - 154 = 7*y. Let w(j) = -18*j - 12. Let v(b) = -9*b - 5. Let t(h) = y*v(h) - 3*w(h). Give t(f).
10
Let d(j) be the first derivative of -11/2*j**2 + 9 - 1/120*j**6 + 1/3*j**3 + 0*j + 1/8*j**4 - 1/20*j**5. Let x(a) be the second derivative of d(a). Give x(-4).
6
Let t(h) be the second derivative of -h**5/20 + h**4/6 + 8*h**3/3 - 5*h**2/2 - 24*h - 45. What is t(-3)?
-8
Let j be -2 + -3*12/(-9). Let z be (143/j)/1 - (-9)/(-18). Let w = z - 80. Let t(c) = c**2 + 9*c - 1. Calculate t(w).
-1
Let u(h) = -h**2 - 2*h. Let q = -550 + 561. Suppose -p = 5*j + 4, 3*j + q = -5*p - 9. Determine u(j).
0
Let g = 7 + 0. Let o(j) be the second derivative of 1/3*j**3 - 9/2*j**2 + 93*j + 0. Give o(g).
5
Let i(z) = 45 + 14 - 21*z**2 + 9*z**2 - 6*z - 3*z - z**3 - 30. What is i(-11)?
7
Suppose 10*y - 63 = -43. Let p(j) = 3*j - 7*j**2 - 110 + 226 + 3*j**3 - 117 - y*j**3. Give p(7).
20
Let q(a) = -a**3 + 2*a**2 + 4*a - 1. Suppose -9 = 10*d - 13*d, -4*i + d = -17. Suppose 3*f - 7*f + 3 = -3*r, 2*r - 21 = -i*f. What is q(r)?
2
Let d(g) = 3*g**2 + 2*g + 83. Let k(u) = 4*u**2 + u + 129. Let o(m) = -3*d(m) + 2*k(m). What is o(-6)?
-3
Let t(r) = -r**3 - 10*r**2 + 12*r - 13. Let k be 3 - ((2 - 29) + -2). Suppose k*z = 18*z - 154. Give t(z).
-24
Let a = 399 + -392. Let n(t) = t**2 + t. Let j(p) = -3*p**2 - 14*p + 15. Let r(u) = j(u) + 4*n(u). What is r(a)?
-6
Let j = 31354 - 31362. Let f(r) be the first derivative of -r**4/4 - 3*r**3 - 3*r**2 + 8*r - 2. What is f(j)?
-8
Let p(w) = -4*w - 5. Suppose l = 2*o - 20, -2*o + 6*l = 2*l - 26. Suppose -o*u - 45 = -0. Calculate p(u).
15
Let d = 1060 + -1627. Let u = d + 559. Let z(m) = -m**2 - 7*m - 3. Give z(u).
-11
Let g be 9/(-2)*140/(-105). Let q(p) = 0*p - 7*p**2 + 2*p + 8 - g*p - p**3 + 0*p. Give q(-5).
-22
Suppose -5*w - 30 = 3*m, -2*w - 9*m + 4*m = 12. Let k(s) = -8*s + 10. What is k(w)?
58
Let n(m) = m**3 + m + 22. Let a(k) = 5*k**3 + 4*k + 88. Let u(g) = 2*a(g) - 9*n(g). Let q(i) be the first derivative of u(i). What is q(-2)?
11
Let i(f) = -2*f**2 - 141752 + 283501 + f**2 - 141746. Let r(q) = -q**2 - 1. Let p be r(1). Let h(u) = -2*u - 1. Let g be h(p). Determine i(g).
-6
Let o(g) = -426 + 7*g - 14*g + 415 + 6*g. What is o(-7)?
-4
Let x(v) = -3*v - 83. Let n = 16987 - 17014. Determine x(n).
-2
Let k(c) be the second derivative of c**6/240 - c**5/120 + c**4/4 - c**3/2 + 146*c. Let o(p) be the third derivative of k(p). Determine o(-8).
-25
Let r be 0/((-2)/(-2))*1. Let s(i) be the second derivative of i**3/6 - i**2 - 3*i - 11511. What is s(r)?
-2
Let o(f) = 22*f + 8. Let h = -10636 - -10638. Determine o(h).
52
Let w(m) = m**2 + 3*m - 2. Let y be 275 + -1 + 5 + 2. Let u = y - 287. Calculate w(u).
16
Let q = 9559 - 4803. Let f(r) = 4752*r - 8 + r**2 - 9502*r + q*r. What is f(-8)?
8
Let p(l) be the third derivative of l**4/24 + 5*l**3/6 - 3*l**2. Let v = -3585 - -3579. Calculate p(v).
-1
Let a(t) = -83*t + 11. Let w(y) = -605*y + 77. Let i(v) = 22*a(v) - 3*w(v). Give i(6).
-55
Let q(a) = -19*a - 3796*a**2 + 1902*a**2 + 1895*a**2 + 21*a. Let l be 1*(3 + -1)*-1. What is q(l)?
0
Let a(z) = -z**3 + 16*z**2 - 12*z - 4. Let s be a(9). Let c(h) = -s + 461 + h - 5*h + 3*h. Calculate c(7).
-1
Let r(j) = -j**3 + j**2 + 4*j - 4. Let v(d) = -52*d**3 - d**2 + d - 1. Let k be v(1). Let s = 56 + k. What is r(s)?
-10
Let f(p) = 8*p - 54. Let w be f(7). Let g(t) = w - 6*t**2 - t**2 + 0*t**2 + 6*t**2 - 4*t. Determine g(-5).
-3
Let m(j) = 249*j**2 - j + 2 - 493*j**2 + 242*j**2 + 14*j. Let t(o) = -8*o**3 + 2*o**2 + 2*o + 1. Let f be t(-1). Calculate m(f).
-43
Suppose -52 = -4*t + g, 8 = -0*g - 2*g. Suppose 0 = -3*u - t + 18. Let f(o) = -2*o. Let c be f(u). Let n(i) = -i**2 - 2*i + 5. Give n(c).
-3
Suppose 3*u - 12 = 0, -5*u = 3*p - 3*u - 11. Let l(d) be the third derivative of d**6/120 + d**5/60 - d**3/6 - 57*d**2 - d. Determine l(p).
1
Let y(r) = -5*r**3 + 13*r**2 + 185*r + 89. Let o(q) = 6*q**3 - 12*q**2 - 212*q - 88. Let d(c) = 6*o(c) + 7*y(c). Determine d(-18).
5
Let s(k) = 1234*k + 38 + 1225*k + 1233*k - 3696*k. What is s(14)?
-18
Let d(c) = -c**2 + 13*c - 16. Suppose -5*p + 60 = -3*i,